. What is the tens digit of y?
3
Suppose -q + 5*q - 8 = 0. Let x be (1*-91)/(q + -1). Let s = -65 - x. What is the units digit of s?
6
Suppose 10 = 3*n + u, u = n - 2 - 4. Suppose n + 11 = 3*p. What is the units digit of 3435/75 + (-4)/p?
5
Suppose 0 = -5*z - 2*a - 23 + 79, 2*a + 34 = 4*z. Let y = z - 4. What is the units digit of y?
6
Let s(b) = 100*b - 124. What is the hundreds digit of s(5)?
3
Let h = 437 - -171. What is the hundreds digit of h?
6
Let n(q) = -27*q - 6. Let s be n(-1). Suppose 3*h + s = 321. What is the hundreds digit of h?
1
Suppose -3*i = -8 - 1. Suppose -i*v - 2*v = 3*g - 502, 5*g = 20. Suppose -50 = -u + 3*c - 0*c, 5*c + v = 2*u. What is the tens digit of u?
4
Let s = -3 + 5. Let g be (1/s)/(4/(-8)). What is the units digit of g - 1 - (6 + -12)?
4
Suppose -8 = 5*c + 2, 2*v + 2*c = 3306. What is the thousands digit of v?
1
Let c be 2/2*21/3. Suppose c*d - 6 = 5*d. What is the tens digit of (d*-3 - 2)/(-1)?
1
Let a(y) = -y**3 + 5*y**2 + 2*y - 5. Let v be a(5). Suppose 8*r + 27 = v*r. What is the units digit of 30/r*(-108)/15?
4
Let h(a) = 3 + 14*a**2 + 3 - 23*a**2 + a**3 + 8*a. What is the units digit of h(9)?
8
Let a be 34/2 + -3 + -1. Let g(f) = f**3 - 12*f**2 - 6*f + 8. What is the units digit of g(a)?
9
Suppose -z - 5*k = 7 + 5, 4*k + 12 = 0. Suppose -z*h + 33 = -21. What is the tens digit of h?
1
Suppose 0*o - 309 = -o. What is the units digit of 4*o/12 - 4?
9
Let f = -354 + 715. What is the tens digit of f?
6
Let x = -130 + 877. What is the units digit of x?
7
Let s(d) = -2*d**3 + 39*d**2 - 3*d - 52. What is the hundreds digit of s(19)?
2
Let f be (2/(-7))/((-2)/(-84)*-3). Suppose -5*j + 4*n = -227, 6*j = 2*j + f*n + 184. What is the tens digit of j?
4
Let n(s) = -s**2 + 6*s - 6. Let v be n(4). Let q(p) = 5*p**2 - 1. Let i be q(1). Suppose -2*u = -v*f + 36, -i*f + 72 = -0*u + 4*u. What is the tens digit of f?
1
Let c be -7 + 9 - (-1 + 0). Suppose -5*s = -3*q - 1, s - 3*s = c*q - 13. Suppose q*n - 14 = 13. What is the units digit of n?
9
Suppose -328 = -2*w - 0*w. Let b be 18/15 - (-96)/(-30). What is the units digit of b/(-14) + w/28?
6
Let h be ((-2)/8)/(2/(-40)). Suppose 0 = h*g - 379 + 139. Suppose -363 + g = -5*t. What is the tens digit of t?
6
Suppose -27 = -5*n - 2*r - 7, -2*n - 4*r = -24. Suppose 5*s = n*v - 2, -4*v - 2*s + 32 = 2*s. What is the tens digit of (-4)/(-6) + 254/v?
4
Suppose 5*b - 5*a = 3865, -4*b + 2719 = 4*a - 333. What is the tens digit of b?
6
Let y(o) = o**3 - 2*o + 121. Let k be y(0). Let h = 214 - k. What is the units digit of h?
3
Let q = 466 - 325. Let f = q - 11. What is the hundreds digit of f?
1
Let r(c) = -c**3 + 28*c**2 - 34*c - 33. What is the tens digit of r(26)?
3
Let s = 2203 - 1238. What is the tens digit of s?
6
Suppose 3*c = 429 + 297. Let n = c - 141. What is the tens digit of n?
0
Let i be -2*(76/8 - 4). What is the units digit of (i + 10)/(1/(-37))?
7
Let w(z) = -z**2 - 3*z + 24. Let d be w(-6). Let v(f) = f**2 + 13*f - 10. What is the units digit of v(d)?
4
Let v = 28 - -20. Let r be (-3 - -5)/((-1)/(-2)). What is the units digit of 15/9*v/r?
0
Let q(a) = -118*a + 134. What is the units digit of q(-7)?
0
Let s = 34 - 35. Let l(v) = -67*v**3 + 2*v + 1. What is the tens digit of l(s)?
6
What is the tens digit of (-70830)/(-66) - 12/66?
7
Let v(f) = f**2 - 10*f + 26. What is the tens digit of v(18)?
7
Let z(w) = 16*w + 18. Let q(c) = c. Let t(x) = 5*q(x) - z(x). What is the units digit of t(-4)?
6
Suppose 3*x + 4*l + 434 = x, -5*x = -2*l + 1109. Let q = 4 - x. What is the units digit of q?
5
Let d = 39 + -32. Suppose -4*q = -d*q - 15, -q = -4*z + 145. What is the tens digit of z?
3
Let x = -17 + 34. Let s = x + -17. Suppose s*f - 5*f = -65. What is the tens digit of f?
1
Let s = -19 + 7. Let i = s - -14. Suppose 2*r - 28 = i*z - 2, 0 = 2*r + z - 17. What is the tens digit of r?
1
Let j(w) = w**3 - 7*w**2 + 4*w + 6. Let g be j(6). Let i be 1*0*2/g. Suppose -3*m + 81 = -i*m. What is the units digit of m?
7
Suppose 4*x - 18*x + 8512 = 0. What is the tens digit of x?
0
Suppose -4*i + 4 = -0. Let w be 6/1*i*-1. What is the units digit of (-62)/(-4) + 3/w?
5
Let i be (-2*(-3)/(-2))/((-72)/240). Suppose -4*z + c - 4 = -6*z, i = 5*c. What is the units digit of z?
1
Suppose -5*j + 1410 = -2*p, 9*j + 2*p - 282 = 8*j. What is the units digit of j?
2
Let m(q) = q**3 + 7*q**2 + 11*q + 5. Let d be m(-5). Suppose d*h = -3*h + 246. What is the units digit of h?
2
Let s = 2395 + 541. What is the units digit of s?
6
Suppose -5*k + 5*i + 524 = 2*i, -4*k - 5*i + 397 = 0. Let u = 59 - k. What is the units digit of (1/(-4))/(1/u)?
1
Let c(i) be the second derivative of 6*i**3 - 5*i**2/2 + 2*i. What is the units digit of c(3)?
3
Suppose 6*f - 8687 = -f. Suppose 161 = -8*w + f. What is the units digit of w?
5
Suppose -2*a + 2418 = 19*k - 15*k, 3*k - 4*a = 1830. What is the units digit of k?
6
Let n(y) = y**3 + 13*y**2 + 2*y + 19. Let h be n(-13). Let r = h - -10. What is the units digit of 4/((-3)/(-18)*r)?
8
Suppose 6*o + 10 = o, 938 = 5*f + o. What is the tens digit of f?
8
Let p = 2674 - 1643. What is the tens digit of p?
3
Let r(y) = 2*y**3 + 3*y**2 + 4*y - 3. Let n be 2*1*42/28. Let j be r(n). Suppose 0 = 5*b + 2*v - 122, -3*b = -0*v - 3*v - j. What is the tens digit of b?
2
Let f(h) be the second derivative of h**6/360 + 3*h**5/40 + 5*h**4/12 - 5*h. Let m(o) be the third derivative of f(o). What is the units digit of m(8)?
5
Let z = -22 + 256. What is the hundreds digit of z?
2
Suppose 5*o + 15 = 0, -5*o - 6 = 3*w + 12. Let n be w/(1*(-3)/(-9)). Let z(m) = 4*m**2 + m - 3. What is the tens digit of z(n)?
3
Let o(v) = 18*v + 33. What is the hundreds digit of o(16)?
3
Suppose -4*b - 2738 = -2*c, -4116 = -0*c - 3*c + 3*b. What is the hundreds digit of c?
3
What is the tens digit of -150*(-30)/9 - (-36 - -36)?
0
Suppose 9*t - 23340 = -21*t. What is the tens digit of t?
7
Let b be -1*(-3 - (1 - 2)). Suppose 30 = b*r + 3*r. Suppose -r*v + 3*v + 78 = 0. What is the units digit of v?
6
Suppose 3*q - a - 3042 = -2*q, -5*q - 4*a = -3032. Suppose 1232 = 8*w - q. What is the units digit of w?
0
Let f = -14 - -10. Let j be -13*2*f/(-8). Let g(l) = -3*l + 10. What is the tens digit of g(j)?
4
Suppose 4*g = 1 - 9, 150 = 4*d - g. What is the tens digit of d?
3
Let x(i) = -i**2 + 38. Let w(r) = -r - 14. Let m be w(-14). What is the units digit of x(m)?
8
Let s(k) = 2*k**2 + 21*k. Let n be s(-16). Let r = n - 102. What is the units digit of r?
4
Let b = -124 - -120. What is the tens digit of -1 - (-249 - (-1 + b))?
4
Suppose 3*r + 5 = 7*r + x, 3*r = 3*x - 15. Let u = 3 + r. Suppose u*z + 4*o - 104 = -z, z - o - 30 = 0. What is the tens digit of z?
2
What is the units digit of (382/3)/((-8)/(-36))?
3
Let c = -10 + 15. Suppose 3*z + 18 = s, -z - 3*z = c*s - 14. Let l(k) = 5*k - 6. What is the tens digit of l(s)?
2
Suppose -16*h + 15*h + 3*m + 375 = 0, 1857 = 5*h + 3*m. What is the tens digit of h?
7
Let h = -1 + -7. What is the units digit of ((-106)/(-5))/(5/(-100)*h)?
3
Let b = -10 + -9. Let a = b - -49. What is the tens digit of a?
3
Let l = -12 - -19. Suppose -37 = -5*j - l. What is the units digit of (-106)/(j/3)*-1?
3
Let j(n) = -n**2 + 3*n. Suppose 3*k = 3 + 6. Let r be j(k). What is the tens digit of r + 0 + 64/4?
1
Let i = -1602 - -2938. What is the units digit of i?
6
What is the units digit of (-152)/1140 + (-2374)/(-30)?
9
Let j(w) = w + 9. Suppose 0 = -f - f + 20. What is the tens digit of j(f)?
1
Let u(s) = 923*s**2 + s - 4. What is the hundreds digit of u(-1)?
9
What is the tens digit of 7/(-280)*4 + (-241)/(-10)?
2
Let q be (-3 + 0)/((-3)/15). Let f = -27 + q. Let x = -4 - f. What is the units digit of x?
8
Let s(p) = -23*p + 29. What is the units digit of s(-24)?
1
Let f(g) = -g - 8. Let l be f(-11). Suppose -2*j + l*p - 17 = -6, -5*j - 10 = -4*p. Suppose 4*b = -3*s + 9 + 21, j*b = 0. What is the units digit of s?
0
Let z = -25 + 29. What is the units digit of -3 + (z*-11)/(-1)?
1
Let q(a) be the second derivative of a**5/20 + a**4/6 - 5*a**3/6 - 3*a**2/2 + 3*a. Let t be q(-3). Let i = 14 - t. What is the units digit of i?
1
Let j be (-150)/(-9) - (-1)/3. Let u be -1 + 0 + -3 + 0/(-6). Let t = j + u. What is the units digit of t?
3
Suppose 0 = -l - 4*y - 85, 2*y - 15 = 7*y. Let a = -64 - l. W